
-1
What is the value of (-3 - -2) + 3 + 4 - (-38 + 6 + -5)?
43
(-3 - 6) + -7 + -8 - (0 + 11)
-35
(-30 - (29 - 46)) + 49
36
-5 + (-3 - -2) + (-101 - -76)
-31
Evaluate (9 - 0) + 0 - (21 - 7 - (-159 + 105)).
-59
(1 - (-4 - 2)) + -1096 + 1122
33
What is the value of -32 + 8 + 12 + 3?
-9
What is 5 + (3 - (14 - -2) - 36)?
-44
-30 - (7 - (14 - (19 + -4 - 6)))
-32
Calculate -884 + 869 - (-18 - (0 + -2)).
1
What is the value of 51 + -60 + 75 + -37?
29
Evaluate 29 - (-11 + -7 - -11).
36
What is -26 + -21 + 14 + 8?
-25
What is the value of -1 + 1 + 55 + (1431 - 1420 - (21 - -1))?
44
Calculate 1 - ((-2 - -1) + 1 + (-84 - -86) - -6).
-7
27 - (3 - -9 - -8 - 14)
21
Calculate 13 + 3 + (3 - 9 - -6 - 8).
8
What is the value of 22509 + -22532 + 1 + 108?
86
43 - ((4 - 34) + 10)
63
What is the value of (-2 - (-21 - -11)) + 32 + 27?
67
-20 + (-16 - (-7 + -29)) - (0 - 19)
19
Evaluate (30 - 26 - (41 - 1)) + -12 + 9.
-39
(-8 - -2) + 1 + (-53 - (-7 - 49))
-2
What is the value of 1 + -23 + 52 + (-37 + -16 - -10)?
-13
What is the value of 134 + 110 + -217 + -73?
-46
((10 - 14) + -31 + 0 - 5) + 117 + -122
-45
What is (6 - (2 + -20)) + (-14 - (2 - 19))?
27
-17 + 2 - (82 - 0 - (952 + -910))
-55
What is -87 + (-40 - -155) - (-3 + (1 - -1))?
29
-27 + -1 + (665 - 696 - (-34 + -2))
-23
What is (-3 - 6) + (23 - 12) + -11?
-9
Evaluate -40 + 9 + 120 + -143 + (12 - 1).
-43
Evaluate (10 - 11) + 2 - (0 + 69 + (-114 - -113)).
-67
What is the value of (-48 - -81) + 27 + -45?
15
Evaluate 21 - (-23 - (17 - 45)) - -33.
49
Calculate 18 + 3 + (283 - 276) + 16.
44
Calculate -38 + -156 + (-12 - -129).
-77
Evaluate 27 + (-4 - -27) + -130 + -61.
-141
(-93 - -152 - 53) + 1 + -2 + 17
22
What is the value of -28 + (-10 - (19 + -26)) + -13?
-44
Evaluate 13 + 12 - 13 - (55 - 91).
48
What is the value of 19 - (-8 + 7 - (3 + (3 - -2) + -8))?
20
Calculate 61 + (0 - 1) - (714 + -697 - (4 + 0)).
47
Evaluate -92 + 160 + -22 + -54.
-8
1 + 25 + -11 - (12 + -44)
47
Evaluate 1556 + -1536 + -2 + -17.
1
What is the value of (13 - 6 - (20 + 36)) + 8?
-41
(-41 - (-1 + -3 - -1)) + (17 - -12) + -29
-38
Calculate 19 - (-8 + 22) - (-37 + (3 - 1)).
40
Evaluate 1 + 49 + (84 - 60) + -7 + (7 - 12).
62
What is 17 + (146 + -110 - 25)?
28
Evaluate 57 - (31 - -99) - (-22 - -3) - (4 + -1).
-57
Calculate (-69 - -78) + -80 - 16.
-87
Calculate (54 - -9 - -1) + 2 - 22.
44
Evaluate (615 - 620) + (2 - 5).
-8
What is 23 + (-36 + (9 - -21) - -26)?
43
Calculate 1392 - 1377 - (3 - -1 - 50).
61
Evaluate -186 + 180 + (-2 - -5) + 51.
48
Calculate -119 - -64 - (-17 + -6).
-32
Calculate -7 + -34 + 31 + -33.
-43
What is (-37 - 17 - -101) + 0?
47
Evaluate (13 + -4 - -65) + 20 + -50 + 23.
67
Calculate (10 - (-18 + 11 - -24)) + (1 - -29).
23
What is the value of -18 - -12 - (-8 - (14 + -36 - -11))?
-9
Evaluate 39 + -23 + -78 + 50.
-12
What is (-22 - ((-9 - -17) + -9 + -12)) + 94?
85
(-235 - -269) + 2 + (32 - 6)
62
What is the value of -22 - (-1 + -34 + 20 - -3)?
-10
What is the value of -25 + -2 + (7 - (-3 + -7 + 8))?
-18
Evaluate -23 + (3 - (38 + -24)) - 18.
-52
Calculate (-34 - (-85 + -4 - 34)) + 24.
113
What is -5 + 3 + 5 - (-340 + 354)?
-11
What is 64 + -49 + (6 + 31 - 4)?
48
What is (39 - 10) + 29 + -62 - 56?
-60
What is the value of 41 - (-106 - ((36 - 15) + -48))?
120
4 + (2 - 0) - ((-4 - (3 - 11)) + -88)
90
Calculate 56 + 74 + -23 - 64.
43
Evaluate (145 - 84) + 42 - 60.
43
-45 - (-108 - -6) - -36
93
What is -53 + (12 - 0 - -19)?
-22
Evaluate -32 + (-11 - (-11 + -9 - 12)).
-11
Calculate -5 - (14 + (1 - 12)) - (-5 - 5).
2
Calculate 14 - 15 - (36 - 24 - (17 + 0)).
4
What is 18 + -12 + 15 + -5 - 42?
-26
What is 82 + -70 - (-4 + 27) - (-2 + 71)?
-80
Calculate -3 - (1 + -6) - (-118 + 50 + 7).
63
What is (20 - -8) + 10 - (30 - 31)?
39
Calculate -13 + -3 + 6 + (18 + -32 + 20 - -33).
29
What is 14 + (-32 - -24) + -35?
-29
What is the value of -2 + -77 + (48 - 4) + (162 - 188)?
-61
What is the value of 65 - (-1 - (11 + -9 + 10) - (-5 - 7))?
66
Calculate (5 + -65 - 1) + -11 + (3 - 3) - -6.
-66
What is the value of (-26 - (-17 - (9 + 9))) + (1 - -33)?
43
14 + -16 + -23 + -3
-28
Calculate 68 - (6 + (67 - 28)).
23
What is the value of 18 - (-37 + 23 + 18) - (5 - 62 - -3)?
68
What is the value of -51 + (-100 - -164) + (22 - 0)?
35
Calculate 24 + -47 + (13 - -12) - 105.
-103
What is -533 - -465 - (-71 + -2)?
5
Calculate -5 + 11 + (37 - 0) + -14 + 5.
34
Evaluate 26 + -15 + (1 - (2 - 15)).
25
Calculate (-1 - (12 - 1)) + 24 + 22.
34
What is (39 + -28 - (6 + -5) - 29) + 22?
3
What is (2 - -13) + (-229 - -223) + -14?
-5
What is the value of (434 - 422) + (-3 - (-3 - -18))?
-6
Calculate -1 + 9 - (112 + -117 + 27).
-14
(-48 - (-6 + -24 + 9)) + 18
-9
What is (-41 - ((-41 - -37) + -9 + -1 + 7)) + -8?
-42
Calculate -151 + 116 + 20 + 3 + -52.
-64
What is the value of (-12 - -13) + 6 + 14 - -11?
32
(1 - 0 - -1) + (124 - 27) + -96
3
What is -9 + 2 - (-129 + 89) - 9?
24
What is the value of (10 - 81) + (88 - 33) + 1 + -88?
-103
What is (-25 + 82 - -5) + -15?
47
-21 - (22 + (2 - 36))
-9
Evaluate 24 + (8 - 18) + 2 + -24 + 14.
6
What is the value of -45 - (9 + -5) - (14 - (18 - 3))?
-48
Evaluate 148 - (-1 + 25 - (2100 - 2093)).
131
What is -7 + (13 - 45) + 9 + -9 - (2 + -12)?
-29
(1 - -14) + (98 - (-16 + 24) - (22 + -15))
98
Evaluate 17 + (-1 - (-8 + 3)) + 2.
23
Calculate 141 + 10 + (10 - 36) - 20.
105
Evaluate 59 + -77 + (45 - 31).
-4
Calculate (-20 - (-77 + 27)) + 14.
44
What is the value of 23 + -24 - -5 - (-2 - -8) - (-52 - -69)?
-19
What is (11 + 6 - -2) + 9 - (-262 - -252)?
38
Calculate -64 + 31 + (-59 - -32).
-60
What is the value of -68 + 66 + -10 - -28?
16
What is the value of -1 - (-19 + 27) - ((12 - 20) + 22)?
-23
What is the value of -12 - -26 - -4 - (-4 - (-12 - 2)) - -10?
18
Evaluate (-61 - -7) + 30 + 29.
5
What is -74 + (63 - 34) + -22?
-67
Calculate 1 - -7 - (6 - 14) - (2 - (-22 - -120)).
112
Calculate -27 + (-23 - -17) + 12 - (-3 + 8).
-26
What is the value of 71 - (68 + 38 + -152)?
117
What is the value of (-69 - -67) + -1 + 1 - (25 - 25 - -29)?
-31
(-3 - (7 - (8 + -2))) + 10 + -18 + 10
-2
What is the value of 0 + -26 + 76 + -53?
-3
Calculate -3 - ((90 - 65) + -4 + 2).
-26
Calculate (7 - -27) + -29 + -38 + 30.
-3
Evaluate 3 + (1 - (-3 + (12 - 4))) + -2 + 71.
68
Evaluate 6176 + -6143 - (2 + 41 - 3).
-7
What is (-23 - -1) + (1628 - 1601)?
5
47 - ((7 + 0 - (-15 + (-11 - -46))) + 0)
60
-4032 - -4071 - (1 + -3)
41
-9 + 5 - ((-23 - (20 + -31)) + -94)
102
Evaluate 9 + 21 + -52 - (18 - -1).
-41
Evaluate -6 + -7 + -6 + 20 + -8.
-7
What is the value of (11 - -2) + -157 + (48 - -32)?
-64
What is (19 - ((10 + 5 - 9) + 17)) + (62 - -1)?
59
-10 + (-10 - -3) + (13 - 2 - -54)
48
-17 + -59 + 17 + -6
-65
What is -117 + -42 + (-35 - -9) + 91?
-94
-35 + (7 + -1 - 14) - (7 + 6 + -8)
-48
What is 10 - ((-5 - (17 - (-1 - -9))) + 1)?
23
What is the value of (58 - (-39 - -66)) + -42?
-11
-2 + (3 - (-1 - 52)) - (-15 - (-2 - 17))
50
What is 21 + -13 + -16 + 9?
1
What is the value of (0 - -15) + -97 + 87 + (4 - -129)?
138
Calculate -61 + (-2 - 6 - -22 - -5) + -6.
-48
-7 - ((64 - 127) + (-5 - (1 - -2 - 1)))
63
-14 - 0 - (82 - (-17 - -97))
-16
Calculate -233 + -2 - (4857 + -4958).
-134
What is the value of -78 + -17 + (20 - (8 - (-2 + -5)))?
-90
-3 - (-15 + (21 - -1) + 1 + 10)
-21
What is the value of 17 + -12 + 4 + -10 + -9 + (2 - -55)?
47
Calculate -48 - (-24 - -53) - -32.
-45
What is 5 + -33 + -1 + 6 + 252 + -249?
-20
Calculate 26 + 0 - (-80 - -105 - (29 + 5)).
35
Calculate -33 - (1 - 0) - (0 + -22 + 22 + -6).
-28
Evaluate 60 - (-50 + 61 - -29).
20
What is (23 - (16 + -26)) + (-5 - -34)?
62
Evaluate (-8 - (-17 + 19)) + -3 - -12.
-1
Evaluate -746 + 767 + (-21 - 1) + -35.
-36
What is the value of 1 - -5 - (28 + (73 - 91))?
-4
What is the value of -73 - (-1511 + 1479 - (-71 - 0))?
-112
Evaluate -2 - ((32 - -36) + -92).
22
Calculate 26 + (66 - 34) + -14 + 2 + 1.
47
-62 + -1 - (104 + -58 - (8 - -38))
-63
What is 7 + (7 - (-47 + 3) - -7) - (87 - 93)?
71
Evaluate -104 + 143 + 9 + -123.
-75
What is the value of 12700 - 12679 - (-74 + 1)?
94
-110 + 153 + 35 + 27 + -23
82
What is the value of (-191 - -146) + (-2 - -2 - -22)?
-23
-38 + 44 + -20 + 108
94
34 + (-30 - (-22 + -8) - 19)
15
-109 + 63 - -29 - (-26 + 0)
9
Calculate -32 - (-3 + (1 + 8 - 5)) - 16.
-49
6 - (-1 - ((-6 - 4 - -1) 